+ 11. Let m(c) = c**3 + 8*c**2 - c - 10. Let g(i) = -3*m(i) - 2*s(i). What is the units digit of g(6)?
2
Let w(u) = u + 10. Let j be w(-8). Let p = j + -2. Suppose 2*g + 3*g - 45 = p. What is the units digit of g?
9
Suppose -3*a + 3*c + 169 = c, 5*c - 210 = -4*a. Suppose -s = 2*f - 13, 0*s = -5*f + 5*s + a. What is the units digit of f?
8
Let d be (-21)/6*4/(-7). Suppose k - d*z = -11, -5*k - 58 = -2*k - z. Let m = -12 - k. What is the units digit of m?
9
Suppose 0 = -d - 9 + 24. Let t = -8 + d. What is the units digit of t?
7
Let z = 5 - 15. Let a = z - -5. Let h(q) = q**2 + 4*q + 7. What is the tens digit of h(a)?
1
What is the tens digit of (25/5)/((-2)/(-20))?
5
Let w(q) = q**3 + 12*q**2 - 5*q - 11. What is the tens digit of w(-12)?
4
Suppose 912 = -9*j + 15*j. What is the hundreds digit of j?
1
Suppose 2*h + 16 = -2*h + 4*d, 3*h + 3*d = 6. Let j = h + 3. Suppose j*i - 15 = -1. What is the units digit of i?
7
Suppose 233 = 2*r - 5*t, 203 = 2*r + 2*t + 3*t. What is the units digit of r?
9
Suppose 11 = -6*x + 7*x. What is the units digit of ((x + -3)*-1)/(-2)?
4
Suppose 3*d - 138 = 141. What is the tens digit of d?
9
Let k = -4 - -5. What is the units digit of 1/((-4)/5 + k)?
5
Suppose 29 = -2*g - 11. Let y be g*(-2)/12*3. What is the units digit of y/3*(-6)/(-5)?
4
Let n(q) = 23*q - 6. Let z be n(5). Let i = z + -76. What is the tens digit of i?
3
Let q(x) = -3*x. Let m be q(-1). Let g be 1*(-2 + m) - -14. Suppose -f + c + 1 = -12, f - 2*c = g. What is the tens digit of f?
1
Suppose 2*x - 7*m + 2*m = 230, 0 = 5*x - 3*m - 556. What is the tens digit of x?
1
Let w = 10 - 7. What is the units digit of w?
3
Let s be (2 - -1)*(-1)/1. Let i be 2/3*30/(-4). What is the units digit of s/(-2 - i)*-4?
4
Let g(p) = -p**2 - 7*p - 1. Let z be g(-5). Let i(t) = -2 - 11 + 3*t + 3 + 0*t. What is the tens digit of i(z)?
1
Suppose 3 = -s - 3. Let i = 6 - 4. What is the units digit of 15/i + 3/s?
7
What is the hundreds digit of (275/11)/((-2)/(-8))?
1
Suppose -a = -4*a + 9. What is the units digit of a?
3
Let n = -10 - -14. Suppose -2*q = 5*a + 10, -n*q + 29 = -a + q. Let m = 5 + a. What is the units digit of m?
1
Let u = -6 + 18. What is the tens digit of u?
1
Suppose -3*u - 6 = -5*u. Suppose 0 = 4*q - d - 51, u*q - 2*d = -7*d + 21. What is the tens digit of q?
1
Let l(i) = -12*i + 104. What is the hundreds digit of l(-24)?
3
Suppose 3*k = 5*k - 6. Suppose 3*x + 0 = -b + 76, -k*x - 5*b = -56. What is the tens digit of x?
2
Let t be ((-1)/(-2))/((-7)/(-42)). Suppose -l = -t*b + 15, -2*b + 2*l - 4*l = -2. Suppose -3*s + 2*v = -8, 4*v - 7 = -b*s - 3. What is the units digit of s?
2
Suppose 5*d = m + m - 230, -2*d = m - 115. What is the tens digit of m?
1
Let g = -5 - -24. What is the tens digit of g?
1
Let q = 10 - 7. Suppose q*c - 5 + 3 = 4*d, 0 = 3*d - 3*c + 3. Let t = 0 + d. What is the units digit of t?
1
Let n(i) be the second derivative of i**4/12 - i**2 - i. What is the tens digit of n(4)?
1
Let x(f) = f**3 + 2*f**2 - 4*f - 3. Let r be x(-2). Suppose 2*a = -4*c + 30, 9 + 12 = 2*a - r*c. Let t = a + -7. What is the units digit of t?
6
Let f be 1 - (1 + -2 + 2). Suppose -3*s = -f*s - 36. Suppose -2*b + 0 = -s. What is the units digit of b?
6
Suppose 0 = -6*h + h - 300. Let x be ((-2)/(-3))/((-2)/h). Suppose x = 5*b + 5, 5*b = p + 4. What is the units digit of p?
1
Suppose 4*p + 221 = i, 0 = 2*i + 2*i - 4*p - 920. What is the tens digit of i?
3
Let h(q) = -q**3 + 6*q**2 + 7*q - 9. Let r(y) = -3*y - 3. Let n be r(-3). What is the tens digit of h(n)?
3
Let p be (-60)/9*18/(-15). Suppose 2*j - 4*j - 2 = 0, -5*d + p = -3*j. Let l(s) = 17*s. What is the units digit of l(d)?
7
Let r = -7 + 9. What is the units digit of r/(-7) - 37/(-7)?
5
Suppose 24 - 8 = -4*z, 3*g - 87 = -3*z. What is the units digit of g?
3
Let v = 0 + 0. Suppose -4*z - 3*s + 131 = v, -4*s - 13 + 1 = 0. Suppose -4*y + z = y. What is the units digit of y?
7
Suppose -3*x - 2*y = -202, 4*x + x - 324 = 3*y. What is the tens digit of x?
6
Let j be (182 - 0) + (1 - -2). Suppose 0 = 4*x + 2*s - 190, -3*x + j = x + s. Suppose 2*f = -f + x. What is the tens digit of f?
1
Let t(u) be the third derivative of u**4/24 - 2*u**3/3 - u**2. What is the units digit of t(6)?
2
Suppose -2*d - 11 + 19 = 0. What is the units digit of d?
4
Suppose 0*q + 4*q = 0, -u + 50 = 3*q. What is the units digit of u?
0
Let o = -1 - -4. Suppose n = -a + 3*a - 50, 0 = o*n + 12. What is the units digit of a?
3
Suppose -4*b = -0*b - 8. Suppose -b*n + 36 = -3*a + a, 12 = -3*a. What is the units digit of n?
4
Let h(u) = 56*u**2 + u - 2. What is the units digit of h(1)?
5
Let z be (-10)/8 + (-2)/(-8). Let n = -33 + 25. Let x = z - n. What is the units digit of x?
7
What is the units digit of (-5)/(-2)*(-98)/(-5)?
9
Let o(d) = 23*d**2 + 11*d - 3. What is the units digit of o(-3)?
1
Suppose -21 = -3*n + 3*d, -26 = n - 6*n + 2*d. Suppose n*s - 68 = 104. What is the tens digit of s/3 + 2/(-6)?
1
Let b be (0 - (2 + 1))/1. Let q be 5 + (3 + b - 1). What is the tens digit of (8 + -12)*(-11)/q?
1
Let u(s) = -2*s + 6. Let z be u(6). What is the tens digit of 8/12 - 92/z?
1
Suppose 5*m = -5*f + 320, 2*f = -4*m - f + 254. What is the units digit of m?
2
Suppose 17 = -4*x + 61. Let k = 21 - x. What is the units digit of k/(-15) - 8/(-3)?
2
Suppose -5*w - 35 = -4*o - 0, 3*w + 37 = 4*o. Let a(t) = 2*t**2 - 3*t**2 + 17 - 5 + 9*t. What is the units digit of a(o)?
2
Let j = 53 - 45. What is the units digit of j?
8
Let g(z) = -z**2 - 2*z + 2. Let d be g(0). Suppose -273 = -5*t - k, 70 = 3*t + d*k - 91. What is the units digit of t?
5
Let w(l) be the third derivative of l**5/60 - 13*l**4/24 + 7*l**3/3 - 2*l**2. What is the units digit of w(12)?
2
Suppose 2*i = -0*i + 8. Suppose i*h - 20 = -h. Let l(z) = z**2 + 2*z - 6. What is the units digit of l(h)?
8
What is the units digit of (332/(-20))/(2/(-10))?
3
Suppose -3*d + 9 - 1 = 5*y, 2*d = 5*y - 3. Let x be (2 - d)*(1 + 3). Suppose x*z - 24 = z. What is the units digit of z?
8
Let n(j) = j**3 + 3*j**2 - 2*j - 4. Let m be n(-3). Suppose a - 81 = 6*a - 4*d, -m*d = 4*a + 44. What is the units digit of a/(-4) - (-12)/16?
4
Suppose 0 = 5*t - 4*y - 315, 0*t - 39 = -t - 4*y. What is the units digit of t?
9
Suppose 3*n - 3*z + 6 = 0, 3*z - 7 = 2*n + 2. Let b(f) = 0*f + 20 - n - f. What is the tens digit of b(7)?
1
Let p(k) = -24*k**2 + 3*k + 2. Let i be p(-2). Let d = i - -156. Suppose g = 5*g - d. What is the units digit of g?
4
Suppose 12*j - 6*j = 552. What is the tens digit of j?
9
Let s(r) = -r**2 - 7*r + 3. Suppose 4*b - 15 = b, 5*p = 3*b + 15. Let x(l) = l - 12. Let v be x(p). What is the units digit of s(v)?
9
Suppose -3*v + 2*s = -29, -3*s - 48 = -4*v + 2*s. Suppose -v*a = -3*a. Let y = 2 - a. What is the units digit of y?
2
Let s(h) = h**3 - h**2 + 2*h - 2. Let y be s(2). Let j be ((-7)/(-3))/(2/y). Let q = j + -4. What is the units digit of q?
3
Let h be (3/(-1))/(2 + -3). Suppose 2*s = -h*s. Suppose y + 2*c + c - 21 = s, y = -5*c + 31. What is the units digit of y?
6
Let h be -2*(-1)/(6/9). Suppose 0 = -4*i + h*v + 101, 4*i - 57 = 2*i - 5*v. Suppose s + 15 = 5*d - 2*s, 0 = d + 4*s - i. What is the units digit of d?
6
Let v be (-1)/(3 + 0)*-6. Suppose -m = -v*m + 4. What is the units digit of m?
4
Suppose a = -g + 16, -a + 12 = 5*g - 4. Let l = -11 + a. What is the units digit of (8/10)/(1/l)?
4
Let y(q) = q**3 + 27*q**2 - 61*q - 6. What is the tens digit of y(-29)?
8
Let n(d) = -7*d**3 + 7*d**3 + d**3 + 10*d + 6 + 8*d**2. What is the units digit of n(-6)?
8
Let w be (-30)/(-7) + (-12)/42. Suppose w*k + 20 = 8*k. What is the units digit of k?
5
Let l(g) = -3*g**2 + 7*g + 7. Let u(n) = -4*n**2 + 8*n + 7. Let q(m) = 3*l(m) - 2*u(m). What is the units digit of q(5)?
7
Let z be -3*(0 - 1) + 1. Suppose -5*b + 4*g = -136, z*g - 5 = -1. What is the units digit of b?
8
Let d = 36 - 22. What is the units digit of d?
4
Let w(v) = -v**3 + 6*v**2 + 2*v - 7. Let s(p) = -5*p - p**2 + 0 + 2 + 0*p**2. Let f be s(-4). What is the units digit of w(f)?
5
Let n(d) = 10*d**2 - d. Let t = 10 + -11. Let s = t - -2. What is the units digit of n(s)?
9
Let l be (14 + 1)*12/36. Suppose 3*f - 56 = -l. What is the units digit of f?
7
Let k be ((-344)/(-24) - 6) + 2/(-6). Let p(z) be the first derivative of z**4/4 - 3*z**3 + 4